{"id":8596,"date":"2023-03-28T09:45:37","date_gmt":"2023-03-28T07:45:37","guid":{"rendered":"https:\/\/osobdravinji.splet.arnes.si\/?page_id=8596"},"modified":"2024-11-29T10:23:22","modified_gmt":"2024-11-29T09:23:22","slug":"kontakt-2","status":"publish","type":"page","link":"https:\/\/osobdravinji.splet.arnes.si\/?page_id=8596","title":{"rendered":"KONTAKT"},"content":{"rendered":"\n<p>\u2014\u2014\u2014\u2014\u2014\u2014\u2014\u2014\u2014\u2014\u2014\u2014\u2014\u2014\u2014\u2014\u2014\u2014\u2014\u2014\u2014\u2014\u2014\u2014\u2014\u2014\u2014\u2014\u2014\u2014\u2014\u2014\u2014\u2014\u2014\u2014\u2014\u2014\u2014\u2014-<\/p>\n\n\n\n<p><strong>OSNOVNA \u0160OLA OB DRAVINJI, PODRU\u017dNICA TEPANJE<\/strong><\/p>\n\n\n\n<p>Tepanje 28c<\/p>\n\n\n\n<p>3210 Slovenske Konjice<\/p>\n\n\n\n<p>t: 03 575 54 55<\/p>\n\n\n\n<p>e:&nbsp;<a href=\"mailto:mateja.zrnec@obdravinji.si\">tina.buric@obdravinji.si<\/a><\/p>\n\n\n\n<p>\u2014\u2014\u2014\u2014\u2014\u2014\u2014\u2014\u2014\u2014\u2014\u2014\u2014\u2014\u2014\u2014\u2014\u2014\u2014\u2014\u2014\u2014\u2014\u2014\u2014\u2014\u2014\u2014\u2014\u2014\u2014\u2014\u2014\u2014\u2014\u2014\u2014\u2014\u2014\u2014-<\/p>\n\n\n\n<p><strong>OSNOVNA \u0160OLA OB DRAVINJI<\/strong><\/p>\n\n\n\n<p>Ulica Du\u0161ana Jereba 1<\/p>\n\n\n\n<p>3210 Slovenske Konjice<\/p>\n\n\n\n<p>t: 03 757 27 30<\/p>\n\n\n\n<p>f: 03 757 27 35<\/p>\n\n\n\n<p>e:&nbsp;<a href=\"mailto:info@osobdravinji.si\">info@osobdravinji.si<\/a><\/p>\n\n\n\n<p>Dav\u010dna \u0161t.: SI11833173<\/p>\n\n\n\n<p>Mati\u010dna \u0161t.: 5089441000<\/p>\n\n\n\n<p>TRR: SI56 0131 4603 0680 725<\/p>\n\n\n\n<p><\/p>\n\n\n\n<p><\/p>\n\n\n\n<p>\u2014\u2014\u2014\u2014\u2014\u2014\u2014\u2014\u2014\u2014\u2014\u2014\u2014\u2014\u2014\u2014\u2014\u2014\u2014\u2014\u2014\u2014\u2014\u2014\u2014\u2014\u2014\u2014\u2014\u2014\u2014\u2014\u2014\u2014\u2014\u2014\u2014\u2014\u2014\u2014-<\/p>\n\n\n\n<p><strong>TAJNI\u0160TVO\/POSLOVNA SEKRETARKA:<\/strong><\/p>\n\n\n\n<p>Zorica \u0160ket, dipl. ekon.<\/p>\n\n\n\n<p>t: 03 757 27 31<\/p>\n\n\n\n<p>e:&nbsp;<a href=\"mailto:info@osobdravinji.si\">info@osobdravinji.si<\/a><\/p>\n\n\n\n<p>e:&nbsp;<a href=\"mailto:zorica.sket@osobdravinji.si\">zorica.sket@osobdravinji.si<\/a><\/p>\n\n\n\n<p><em>Tajni\u0161tvo posluje v okviru uradnih ur:<\/em><br><em>\u2013 od 7.15 do 8.30<\/em><br><em>\u2013 od 11.35 do 13.20&nbsp;&nbsp;<\/em><br><em>Uradne ure veljajo za u\u010dence, star\u0161e in ostale zunanje obiskovalce.<\/em><br><em>Blagajna za pla\u010dilo polo\u017enic in ostalega bo poslovala v \u010dasu uradnih ur.<\/em><\/p>\n\n\n\n<p>\u2014\u2014\u2014\u2014\u2014\u2014\u2014\u2014\u2014\u2014\u2014\u2014\u2014\u2014\u2014\u2014\u2014\u2014\u2014\u2014\u2014\u2014\u2014\u2014\u2014\u2014\u2014\u2014\u2014\u2014\u2014\u2014\u2014\u2014\u2014\u2014\u2014\u2014\u2014\u2014-<\/p>\n\n\n\n<p><strong>RAVNATELJICA:<\/strong><\/p>\n\n\n\n<p>mag. Nevenka Brdnik<\/p>\n\n\n\n<p>T: 03 757 27 40<\/p>\n\n\n\n<p>e:&nbsp;<a href=\"mailto:nevenka.brdnik@osobdravinji.si\">nevenka.brdnik@osobdravinji.si<\/a><\/p>\n\n\n\n<p><strong>POMO\u010cNICA RAVNATELJICE:<\/strong><\/p>\n\n\n\n<p>Anita Vrtovec<\/p>\n\n\n\n<p>t: 03 757 27 41<\/p>\n\n\n\n<p>e:\u00a0<a href=\"mailto:anita.vrtovec@obdravinji.si\">anita.vrtovec@obdravinji.si<\/a><\/p>\n\n\n\n<p><\/p>\n\n\n\n<p>\u2014\u2014\u2014\u2014\u2014\u2014\u2014\u2014\u2014\u2014\u2014\u2014\u2014\u2014\u2014\u2014\u2014\u2014\u2014\u2014\u2014\u2014\u2014\u2014\u2014\u2014\u2014\u2014\u2014\u2014\u2014\u2014\u2014\u2014\u2014\u2014\u2014\u2014\u2014\u2014-<\/p>\n\n\n\n<p><strong>SVETOVALNA DELAVKA:<\/strong><\/p>\n\n\n\n<p>Ingrid Dorner Radosavljevi\u0107, univ. dipl. soc. del<\/p>\n\n\n\n<p>t: 03 757 27 33<\/p>\n\n\n\n<p>e:&nbsp;<a href=\"mailto:svetovalna.sluzba@obdravinji.si\">svetovalna.sluzba@obdravinji.si<\/a><\/p>\n","protected":false},"excerpt":{"rendered":"<p>\u2014\u2014\u2014\u2014\u2014\u2014\u2014\u2014\u2014\u2014\u2014\u2014\u2014\u2014\u2014\u2014\u2014\u2014\u2014\u2014\u2014\u2014\u2014\u2014\u2014\u2014\u2014\u2014\u2014\u2014\u2014\u2014\u2014\u2014\u2014\u2014\u2014\u2014\u2014\u2014- OSNOVNA \u0160OLA OB DRAVINJI, PODRU\u017dNICA TEPANJE Tepanje 28c 3210 Slovenske Konjice t: 03 575 54 55 e:&nbsp;tina.buric@obdravinji.si \u2014\u2014\u2014\u2014\u2014\u2014\u2014\u2014\u2014\u2014\u2014\u2014\u2014\u2014\u2014\u2014\u2014\u2014\u2014\u2014\u2014\u2014\u2014\u2014\u2014\u2014\u2014\u2014\u2014\u2014\u2014\u2014\u2014\u2014\u2014\u2014\u2014\u2014\u2014\u2014- OSNOVNA \u0160OLA OB DRAVINJI Ulica Du\u0161ana Jereba 1 3210 Slovenske Konjice t: 03 757 27 30 f: 03 757 27 35 e:&nbsp;info@osobdravinji.si Dav\u010dna \u0161t.: SI11833173 Mati\u010dna \u0161t.: 5089441000 TRR: SI56 0131 4603 0680 725 \u2014\u2014\u2014\u2014\u2014\u2014\u2014\u2014\u2014\u2014\u2014\u2014\u2014\u2014\u2014\u2014\u2014\u2014\u2014\u2014\u2014\u2014\u2014\u2014\u2014\u2014\u2014\u2014\u2014\u2014\u2014\u2014\u2014\u2014\u2014\u2014\u2014\u2014\u2014\u2014- TAJNI\u0160TVO\/POSLOVNA SEKRETARKA: Zorica \u0160ket, dipl. ekon. t: 03 757 27 31 e:&nbsp;info@osobdravinji.si e:&nbsp;zorica.sket@osobdravinji.si Tajni\u0161tvo posluje v okviru uradnih ur:\u2013 od 7.15 do 8.30\u2013 od 11.35 do 13.20&nbsp;&nbsp;Uradne ure veljajo za u\u010dence, star\u0161e in ostale zunanje obiskovalce.Blagajna za pla\u010dilo polo\u017enic in ostalega bo poslovala v \u010dasu uradnih [&hellip;]<\/p>\n","protected":false},"author":35617,"featured_media":0,"parent":0,"menu_order":0,"comment_status":"closed","ping_status":"closed","template":"","meta":{"footnotes":""},"class_list":["post-8596","page","type-page","status-publish","hentry"],"_links":{"self":[{"href":"https:\/\/osobdravinji.splet.arnes.si\/index.php?rest_route=\/wp\/v2\/pages\/8596","targetHints":{"allow":["GET"]}}],"collection":[{"href":"https:\/\/osobdravinji.splet.arnes.si\/index.php?rest_route=\/wp\/v2\/pages"}],"about":[{"href":"https:\/\/osobdravinji.splet.arnes.si\/index.php?rest_route=\/wp\/v2\/types\/page"}],"author":[{"embeddable":true,"href":"https:\/\/osobdravinji.splet.arnes.si\/index.php?rest_route=\/wp\/v2\/users\/35617"}],"replies":[{"embeddable":true,"href":"https:\/\/osobdravinji.splet.arnes.si\/index.php?rest_route=%2Fwp%2Fv2%2Fcomments&post=8596"}],"version-history":[{"count":5,"href":"https:\/\/osobdravinji.splet.arnes.si\/index.php?rest_route=\/wp\/v2\/pages\/8596\/revisions"}],"predecessor-version":[{"id":12861,"href":"https:\/\/osobdravinji.splet.arnes.si\/index.php?rest_route=\/wp\/v2\/pages\/8596\/revisions\/12861"}],"wp:attachment":[{"href":"https:\/\/osobdravinji.splet.arnes.si\/index.php?rest_route=%2Fwp%2Fv2%2Fmedia&parent=8596"}],"curies":[{"name":"wp","href":"https:\/\/api.w.org\/{rel}","templated":true}]}}